930, 16226 + 1661 = 3*w - y. Is w a prime number?
False
Let k = -3 - -3. Suppose 4*d - 28 = -k*d. Suppose c = 2*c - d. Is c prime?
True
Let w(h) = h**3 - 5*h**2 + 3*h - 10. Let i be w(5). Suppose -16 = -i*u + 94. Is u a prime number?
False
Let v(n) = 118*n - 5. Let z be v(4). Suppose 0 = -5*t - 5*y + z - 77, 0 = -2*y + 2. Is t a composite number?
True
Is (233/3)/((-3)/(-45)) a prime number?
False
Suppose -2*k = -2*f + 440, 0 = 4*k - 3*k + 5*f + 238. Let p = -12 - k. Is p composite?
False
Suppose -z + 2*c = 2, -4 = -3*c + 8. Is (-1)/(-3) + 304/z a prime number?
False
Let s(d) = -2*d**3 + d**2 - d + 7. Let x be s(-4). Let k = 3 + 2. Is (1 + 0)/(k/x) composite?
False
Suppose 0 = -3*j - 2*i + 2 + 28, -2*j = -4*i - 4. Let d = j + -5. Suppose -y - 2*w = -69, d*y - 5*w = 257 + 5. Is y composite?
False
Let v(b) = b**3 - 3*b**2 - 4*b - 10. Let y be v(8). Let r = 103 + y. Is r composite?
True
Suppose 6*j = -0*j + 2442. Is j a prime number?
False
Suppose -4*k + 4 = -4*s, -2*k + 6 = -0*k - s. Suppose 16 = k*i - 29. Is i a composite number?
True
Let n = 5 - 1. Suppose -n*t = -5*t. Is (t + -1)/((-2)/14) a prime number?
True
Let a = 1018 + -477. Is a a composite number?
False
Suppose -3*j - 5*z = j, 3*j = 2*z + 23. Suppose 2*u - j*u = -21. Suppose 86 = 3*i - u. Is i composite?
False
Let m be 59/4 - (-3)/12. Suppose -5*v - m = -7*j + 2*j, -v - 4*j + 22 = 0. Suppose 2*y + d - 191 = y, v*d = 0. Is y a composite number?
False
Let s = -21 - -58. Is s a composite number?
False
Let u(d) = d + 1. Let n be u(-1). Suppose n = -0*i + 2*i - 36220. Is i/70 - 2/(-7) prime?
False
Let s(u) = -u**2 + 7*u + 3. Let o be s(7). Suppose 0 = -2*i - m + 15, 4*m - 34 = -o*i + 1. Suppose -5*f + 16 + 46 = 3*y, -i*f + 34 = -4*y. Is f composite?
True
Is 116*(13/4 - 2) prime?
False
Let m = 6 - 8. Let n(l) = -2*l**3 - 2*l**2 - 2. Let k be n(m). Suppose -95 = -k*b + b. Is b prime?
True
Let s = 15 + -16. Is s - -362 - (-1)/1 a composite number?
True
Suppose 0 = 5*b - 3*f - 2567, -1778 + 225 = -3*b + 5*f. Is b prime?
False
Let r(v) = 2*v**3 + v**2 + v. Let d be r(-1). Is -293*d/(8/4) a prime number?
True
Is 294/77 - (-2)/11 - -195 a prime number?
True
Let i = 383 - -804. Is 6/(-9) + i/3 composite?
True
Let j be 14/6 + (-14)/(-21). Suppose 188 = 2*z + 5*l, j*l = -2*z + 13 + 171. Is z a composite number?
False
Let o = -2 - -49. Suppose -5*w + 94 = -0*u + 2*u, u + 4*w - o = 0. Is u a prime number?
True
Suppose i + c = 6*c, 2*c + 3 = i. Suppose 44 = 4*j + 2*w, -i*j + 3*w - w = -64. Suppose 0 = -2*x + j + 142. Is x prime?
False
Suppose -2*b + 826 = -3*s, 5*b + 0*s = 2*s + 2043. Is b prime?
False
Let x = -751 - -2150. Is x prime?
True
Let n = -15 - -18. Suppose s - 532 = -2*r - n*r, r = -5. Is s a composite number?
False
Let i = 3 + -21. Let g = 65 - i. Is g a prime number?
True
Let u(i) = 11*i**2 + 2*i - 1. Is u(-2) prime?
False
Let f(q) = 4 - 2 + 1 - 2 + q. Let r be f(5). Let k(s) = -s**3 + 7*s**2 + 2. Is k(r) composite?
True
Suppose 0*u - 56 = -u. Suppose 2*q + p = 6*p - 7, -q + p = 8. Let a = u - q. Is a a prime number?
True
Suppose -4*h = 3*o - 1419 + 232, -5*o = 3*h - 904. Is h composite?
False
Let w(g) = 2*g**3 - 7*g**2 + g - 3. Suppose u + u - 10 = 0. Is w(u) a prime number?
False
Let r(c) = c**3 - 9*c**2 + 20*c + 3. Is r(10) a prime number?
False
Let y = 75 - 10. Is y prime?
False
Suppose -4*t = 5*l + 349 + 652, -792 = 4*l + t. Suppose 5*g + 2*f = 4*f - 552, -3*g = 2*f + 344. Let z = g - l. Is z composite?
True
Let q(u) = 17*u - 13. Is q(8) a composite number?
True
Let y(a) = 22*a - 1. Let h be y(2). Let m(u) = -2*u**3 + 5*u**2 - 3*u - 4. Let f be m(3). Let v = h - f. Is v a composite number?
True
Let j be (-2)/2*-1 - 6. Let q = -8 - j. Let g(m) = m**3 + 4*m**2 + 2*m + 3. Is g(q) prime?
False
Is (4 - 2)*4/(32/5276) a prime number?
True
Let x(z) = z**2 + 7*z - 4. Let p be x(-6). Let u be (76/(-10))/(2/p). Suppose -k + 135 - u = 0. Is k a prime number?
True
Let f(r) = -39*r - 4. Let h(x) = -x**3 + 7*x**2 - 6*x - 3. Let q be h(6). Is f(q) a composite number?
False
Let c(s) = -s**2 - 7*s - 7. Let m be c(-5). Suppose 587 = -g + 5*g + m*z, g - 3*z - 128 = 0. Is g a composite number?
True
Let l(v) = -36*v + 11. Is l(-5) composite?
False
Suppose z - 4 = -0. Suppose -z*j + 9 + 203 = 0. Is j a prime number?
True
Is (4/(-15))/((-8)/20)*3831 composite?
True
Suppose -4*v + 2*t + 625 = t, -v = -3*t - 148. Is v composite?
False
Let n = 44 - 30. Suppose l + 11 + 9 = -4*b, -l = -5*b - 25. Suppose 3*k - 79 = -2*z, l = -3*z - k + 94 + n. Is z a prime number?
False
Let g(x) = x**2 - 5*x - 7. Let z be g(-9). Let c = -82 + z. Is c a composite number?
False
Let x be (-12)/20 - (-18)/5. Suppose x*p - 255 = 30. Is p a prime number?
False
Let n be 1 + 5/(15/6). Suppose 2*a - 7*a = -3*o, n*o = -a. Let l = 2 + a. Is l a composite number?
False
Suppose -17*j + 12*j + 2575 = 0. Is j prime?
False
Let c be -3 - 1/1 - 0. Is (-22)/(-12)*c*-3 prime?
False
Let y be ((-160)/(-3))/((-4)/12). Let l = 33 + y. Let h = 178 + l. Is h prime?
False
Suppose -15 - 33 = 3*u. Let h = 11 + u. Let s(c) = -5*c - 6. Is s(h) a prime number?
True
Let n(u) = -u**3 + 5*u - 8. Let b(z) = -2*z**2 - 8*z + 4. Let s be b(-5). Is n(s) prime?
False
Suppose z = 3, -3*g + 780 = 5*z - 4*z. Is g a prime number?
False
Is 709 - (-3 + 8 - (1 - -2)) prime?
False
Let k(v) = v**3 - 9*v**2 + 6*v + 11. Is k(9) a composite number?
True
Let a = -141 + 220. Is a composite?
False
Let v(y) be the third derivative of 0*y + 1/6*y**3 + 2*y**2 + 0 - 1/60*y**5 + 1/6*y**4. Is v(3) composite?
True
Let a(u) = -11*u - 2. Let r = -8 + 3. Is a(r) a composite number?
False
Let x(a) = a**2 - 5*a - 7. Let h be x(5). Let b = 7 + h. Suppose k - 59 = -b*k. Is k composite?
False
Let j = -44 + 459. Is j a composite number?
True
Let p(j) = -150*j - 1. Let k be -2*1*1/2. Is p(k) composite?
False
Let i = -1564 - -3842. Is i/14 - 6/(-21) a prime number?
True
Let o(j) = -j**3 - 4*j**2 - j - 2. Let t = 6 + -10. Let q be o(t). Suppose -y - 7 = -q*y. Is y composite?
False
Let f be (-2)/(-3) - (-8)/6. Suppose 5*h = 5*l - 0*l + 115, -87 = -5*h - f*l. Suppose -5*a - h = -3*w - w, -5*a + 25 = 0. Is w a prime number?
True
Suppose 0*d + 256 = 4*d. Suppose 0 = -4*o + 4*h + d, -2*o + o + 22 = h. Is o a composite number?
False
Let u = 130 + -59. Is u a composite number?
False
Let y(h) = -h**3 + h**2 + 7*h - 6. Suppose 3*q = -4*s - 41, -4*q - 6*s + 3*s - 43 = 0. Is y(q) prime?
True
Let z(g) = 6*g**3 - 4*g - 1. Let o(c) = -2*c**2 + 3*c**2 + 5*c - 2*c**2 + 2*c**2 - 7*c**3. Let f(p) = -5*o(p) - 6*z(p). Is f(-5) composite?
False
Suppose 0 = 4*l + 23 - 3, -l + 7212 = w. Is w a prime number?
False
Suppose v = 2*l + 2*v - 1151, -563 = -l + 2*v. Is l composite?
True
Suppose 0 = -5*g + g + 180. Is g/18*(107 - 1) composite?
True
Let j be 0 + 0 + (1 - -46). Let u be ((-5)/(-2))/(33/6 - 5). Suppose -x - 2*k + j = 0, -3*k - 194 - 93 = -u*x. Is x a prime number?
False
Suppose 3063 = 5*c - k - 0*k, -2*k = 3*c - 1843. Is c composite?
False
Let j be (-116 - -8)*2/(-4). Suppose u - j - 13 = 0. Is u a composite number?
False
Suppose 5 = t - 0*t. Suppose -3*f + 4*f - 7 = w, -f - t*w + 7 = 0. Let d = 86 - f. Is d a prime number?
True
Suppose 3*r + 9 = 6*r. Suppose -5*g - o + 460 = 0, g = -r*o + 84 + 22. Is g prime?
False
Suppose -15 = -5*d - 3*c, -2*c + 3 + 7 = d. Suppose -4*s - 131 + 3639 = d. Is s a prime number?
True
Let w(l) = 2*l**2 - 9*l + 4. Let y(t) = t**3 + 1. Let s be y(1). Suppose -9 = -b - 2*d - d, -s*b - d = -13. Is w(b) a composite number?
True
Let a = 20 + -18. Suppose -534 = -2*q - 4*k, 141 + 393 = a*q - 2*k. Is q a prime number?
False
Let v(w) be the third derivative of -3*w**4/2 + 7*w**3/6 + 4*w**2. Is v(-5) composite?
True
Let m be (-4)/(-18) + (-88)/(-9). Suppose -4*y + 5*w = -0*y + 18, -3*y + 2*w - m = 0. Is (0 + (-254)/4)*y composite?
False
Is (-5351)/(3/(-9) + 4/(-6)) composite?
False
Let j(d) = 88*d - 17. Is j(10) prime?
True
Suppose y + 3*s = -5 - 1, 3*y + 18 = -s. Let r be 257*(0 - y/(-3)). Is r/(-14) - 4/(-14) prime?
True
Let w(i) = -9*i + 1. Let o be w(1). Let q(j) = -9*j**2 + 20*j + 41. Let n(z) = 3*z**2 - 7*z - 14. Let g(a) = -8*n(a) - 3*q(a). Is g(o) a composite number?
True
Let k(g) = 348*g**3 - 1. Is k(1) a composite number?
False
Suppose 0 = -4*b + 3*r, 3*b + r = -0*r. Let m = 551 + -39